= -o + n, -3*o + 5*o - 230 = -2*d. What is the hundreds digit of o?
1
Suppose 2*r = 4*r. Let d(s) = -s**2 + 41*s + 196. Let q be d(44). What is the tens digit of (5 + r)*q/5?
6
Let c be (1 + 558/(-30))*(2 - 7). Let q = 152 - c. What is the tens digit of q?
6
Suppose 3 + 3 = 2*d, -2*t + d = -401. What is the tens digit of t?
0
Suppose 4*l - 3*l = 3*m - 55, 2*l - 16 = -m. Suppose 5*f - 24 = -w, m - 2 = f + 3*w. What is the units digit of f?
4
Let a(f) = -f**3 + 17*f**2 + 2. Let x be a(17). Suppose 0 = x*z + u - 3, z = 5*z - 3*u - 31. Suppose -45 = -l - z*l. What is the units digit of l?
9
Let i = 33 + -15. Suppose -4*r - 6 = -4*p + i, -20 = -3*p + 5*r. Suppose -p*h + 2*t + 7 + 9 = 0, 0 = -2*h - 4*t + 16. What is the units digit of h?
4
Let m = -1282 + 1815. What is the hundreds digit of m?
5
Let o(t) be the second derivative of t**3 + 17*t**2/2 + 14*t. What is the units digit of o(4)?
1
Suppose -5*f = -d - 96, 3*d - 64 = -3*f + 2*d. Let i = -3 + f. What is the tens digit of i?
1
Let d = -362 + 1458. What is the thousands digit of d?
1
Let u = -8 - -11. What is the units digit of 20*(-4)/(-8) - u?
7
Suppose -65*b - 1972 = -69*b. What is the hundreds digit of b?
4
Suppose 0 = -n - 45 + 15. Let y = n - -22. Let u = 19 - y. What is the tens digit of u?
2
Let u(y) = -803*y - 160. What is the units digit of u(-4)?
2
Suppose 7*d = 27 + 71. What is the units digit of (-2)/d + (-3437)/(-49)?
0
Let z be -2 + 3 - (5 + -1). Let h(o) = o**3 + 6*o**2 - o. Let g be h(z). Suppose -d + 1 = -g. What is the units digit of d?
1
Let o(t) = 78 - 23*t - 46 - 44. What is the hundreds digit of o(-7)?
1
Let p(l) = l**2 - 26*l - 73. What is the thousands digit of p(55)?
1
Let a be 6/(-9) - 319/3. Let y = -186 - a. Let f = -32 - y. What is the tens digit of f?
4
Let n(x) = 2*x**3 + 43*x**2 + 89*x - 42. What is the units digit of n(-15)?
8
Let j be 4/2*9/6. Let q = j - -2. Suppose -q*g + 32 = -2*w, -g + 41 = 5*w + 13. What is the units digit of g?
8
Let u = 250 + -94. Let q = -106 + u. What is the tens digit of q?
5
Let z be 8/(-2) - (4 + -2). Let s(n) = 2*n**2 + 3*n + 2. What is the units digit of s(z)?
6
Suppose 0 = -2*a - 3*a + 20. Suppose a*u = -4 + 16. What is the units digit of u?
3
Suppose -516 - 1056 = -3*y. Suppose 2*i - 6*i = -y. What is the units digit of i?
1
Let o be (-3)/2 - (-45)/30. Suppose o = -k - 3*k + 376. What is the units digit of k?
4
Suppose 2*o - 5*b = -47, b = o + 3 + 28. Let x = -21 - o. Suppose -3*c + 6 = 2*u, -5*u - c + 0*c + x = 0. What is the units digit of u?
3
Suppose 3*f + 393 = f - 3*o, -f = -3*o + 201. Let y = f + 292. What is the units digit of y?
4
Suppose 2*k = 3*a - 17, -3 = 3*a - 4*k - 22. What is the tens digit of -3 - (2 - a) - -153?
5
Suppose 15*v = 14*v - 4*x + 646, x = 0. What is the tens digit of v?
4
Suppose -57*u - 11070 + 102270 = 0. What is the thousands digit of u?
1
Let g = 2075 + 1566. What is the hundreds digit of g?
6
Suppose -4*t - 12 = 0, -4*o = -4*t - 12 - 8. What is the units digit of 4 - 1/(o/(-8))?
8
Let l(g) = -6*g + 307. What is the tens digit of l(27)?
4
Let y = -45 - -75. Suppose 0 = 4*b - 0*b + 5*q - 27, 5*b + 2*q - 21 = 0. Let l = y - b. What is the tens digit of l?
2
Suppose -22454 = -20*w + 14706. What is the hundreds digit of w?
8
Suppose 13 = 5*o - 27. Suppose 5*k - 10 = 3*k. Suppose -3*t - 4*w + o = -t, -k*t + 38 = 4*w. What is the tens digit of t?
1
Let f be 264/77*(7 - 0). Suppose 2*t = -y + 141, f = -5*y - 1. What is the units digit of t?
3
Let l = -146 + 92. What is the hundreds digit of l/297 - (-4)/22*914?
1
Let c = 13 + -10. Suppose -x - c*x = -184. What is the units digit of x?
6
Suppose -4*i + a + 205 = 0, 3*a + 2*a = 5*i - 275. Let k be 8/36 - i/(-18). What is the tens digit of (-3)/k*-24 - -3?
2
Suppose 0 = -0*j - 3*j + 2*g, -5*j = -3*g. Suppose 0 = -2*o + 2 + 6. Suppose j = -o*s + 5*s - 15. What is the units digit of s?
5
Suppose -4*o + 52 = -4*h + 264, 3*o + 4*h = -173. Let g = 19 - o. What is the tens digit of g?
7
Let c = -38 + 44. Suppose -5*i - c*g = -4*g - 644, -g - 382 = -3*i. What is the hundreds digit of i?
1
Suppose -4*v + 3*d = -2*d - 11, -d + 1 = 0. Suppose -5*n = 4*p - 462, 0 = n - v*n + 2*p + 286. What is the tens digit of n?
9
What is the hundreds digit of 5448/16 + (-5)/2?
3
Suppose 93120 = 18*l + 6342. What is the thousands digit of l?
4
Let l(m) be the second derivative of -4*m**3/3 - 8*m**2 + 17*m. What is the tens digit of l(-7)?
4
Suppose 0 = -4*a + a + 9. Let j = 9 + a. What is the units digit of j/14*(12 - -2)?
2
Let j(r) = 3*r**3 + 11*r**2 + 19*r + 31. Let x(a) = 4*a**3 + 11*a**2 + 20*a + 30. Let g(m) = -3*j(m) + 2*x(m). What is the units digit of g(-10)?
7
Suppose n - 4*s = 2*n - 28, -3*n + 4*s = -20. Let u(x) = -2*x - 11. Let r be u(-9). Suppose -r*q = -n*q + 210. What is the tens digit of q?
4
Suppose -q - 2*o = o - 15, 4*o - 12 = 0. Let s(r) = -6*r**2 - 3*r**2 + 4 - 3*r + 3*r**2 + 7*r**2. What is the tens digit of s(q)?
2
Let t = 1948 + -1036. What is the units digit of t?
2
Suppose -3*i + 47 = 4*l - 6, -i = 4*l - 23. Suppose i = 5*r - 4*r. What is the tens digit of r?
1
Suppose -2*k - 308 = -4*k. Let u = k - 95. What is the tens digit of u?
5
Suppose -31*y + 40550 = 839. What is the hundreds digit of y?
2
Let q = 892 - 300. What is the hundreds digit of q?
5
Let t(j) = -3*j**2 - 10*j - 4. Let b = 6 - 10. Let r be t(b). What is the tens digit of (-344)/r*(-9)/(-6)?
4
Suppose 75 - 47 = -7*g. Let y be (-8)/(-12) - (-290)/6. What is the tens digit of (-7 + 3)*y/g?
4
Suppose 0 = -12*y + 251 + 853. Suppose -u + 41 = -y. What is the units digit of u?
3
What is the units digit of 3*(-1002)/(-18) + (-4)/(-1)?
1
Let y be 9/(54/24) - 873. Let t = -573 - y. What is the hundreds digit of t?
2
Suppose 3*v = 2*q - 2, 0*q = 4*v + q - 12. Suppose 5*g + v + 3 = 0. What is the tens digit of 2 - g - (0 + -22)?
2
Let f = -64 - -66. What is the hundreds digit of 1/1 + -12*(-43)/f?
2
Let g(l) = -5*l + 3. Let d be g(-13). Let o = d - 35. What is the tens digit of o?
3
Let i = 145 - 135. What is the units digit of i?
0
Let u = 405 - -395. What is the tens digit of u?
0
Let t(v) = -v**2 + 17*v - 7. Let h be 196/6 - 10/(-30). Let y be (h/(-22))/(1/(-10)). What is the tens digit of t(y)?
2
Let s(g) be the first derivative of -g**6/360 + 3*g**5/40 + g**4/4 + 11*g**3/3 - 12. Let z(u) be the third derivative of s(u). What is the tens digit of z(7)?
2
Let r(q) = q**3 - 37*q**2 + 13*q + 44. What is the units digit of r(37)?
5
Let k = 16 + -19. Let a(c) = -12*c - 2. Let u(y) = y - 1. Let v(j) = a(j) - 4*u(j). What is the units digit of v(k)?
0
Suppose 2*r - 17 = -5. Suppose -27 = -r*a + 3*a. Suppose -a = 5*t - 44. What is the units digit of t?
7
Let c(o) = 2*o + 633. What is the hundreds digit of c(0)?
6
Let s be (26/4)/13*(-3 - 1). What is the tens digit of s - 1 - -100 - 4?
9
Let a = -207 - -499. What is the tens digit of a?
9
Suppose 8*l - 109 = -13. Let v be -6*((-136)/l)/(-2). Let t = 16 - v. What is the units digit of t?
0
Let f(v) = 5*v - 13. Let z(r) = -1. Let t(w) = -4*f(w) + 44*z(w). What is the units digit of t(-5)?
8
Suppose 11*b - 54 = -32. Suppose w = b*y + 153, -w + 4*w + 4*y - 429 = 0. What is the hundreds digit of w?
1
Let h(v) = v**2 + 3. Let u(j) = 6*j**2 + 4*j + 6*j - 10 + j**3 - 7*j. Let y be u(-5). What is the units digit of h(y)?
3
Let w = 158 + -213. What is the units digit of (2 - 3)*(4/(-4) + w)?
6
Suppose 0 = 499*l - 495*l - 8116. What is the hundreds digit of l?
0
Let i(a) = 52*a + 290. What is the tens digit of i(21)?
8
Suppose 4*r + 305 = 3*i, -2*i - r = 4*r - 211. What is the hundreds digit of i?
1
Suppose 10*y = 63 + 27. Let f(b) = 6*b - 4. What is the units digit of f(y)?
0
Suppose 0 = -8*u - 12*u + 23700. What is the tens digit of u?
8
Let u be -1 - 22/(-3)*3. Suppose -4*f - u - 79 = 0. Let w = -21 - f. What is the units digit of w?
4
Suppose -4*d = 3*d + 35. Let p(l) = -l**3 - 3*l**2 + 4*l + 6. What is the tens digit of p(d)?
3
Let a(w) = w**3 + 3*w**2 + 6*w + 2. Let l be a(-5). Let n = 29 + l. What is the units digit of (-1 + n)*3/(-6)?
5
Let b(j) = -18*j**2 - j + 2. Let l be b(1). Let k = 44 + l. What is the tens digit of k?
2
Suppose 0 = -5*i + 10, -f - 3*i = -455 - 454. What is the tens digit of f?
0
Let j = 11 - 12. Let l(i) = -5*i**3 - 3*i - 2. Let q